{"id":252,"date":"2013-10-22T10:51:58","date_gmt":"2013-10-22T10:51:58","guid":{"rendered":"http:\/\/defensorasegurado.com\/?page_id=252"},"modified":"2015-11-04T16:27:13","modified_gmt":"2015-11-04T16:27:13","slug":"bajo-costo","status":"publish","type":"page","link":"https:\/\/defensorasegurado.com\/?page_id=252","title":{"rendered":"BAJO COSTO"},"content":{"rendered":"<h1 style=\"text-align: center;\"><\/h1>\n<h1 style=\"text-align: center;\"><span style=\"color: #ff0000;\">NUEVA FORMULA DE UTILIZACI\u00d3N DE SERVICIOS JUR\u00cdDICOS Y ASESOR\u00cdA LEGAL.<\/span><\/h1>\n<h2 style=\"text-align: center;\"><span style=\"color: #000080;\">CLAUSULAS SUELO EN HIPOTECAS.<\/span><\/h2>\n<h2 style=\"text-align: center;\"><span style=\"color: #000080;\">SUBORDINADAS Y PREFERENTES A EMPRESAS.<\/span><\/h2>\n<h2 style=\"text-align: center;\"><span style=\"color: #000080;\">BUSCAMOS SOLUCIONES A INSOLVENCIAS PROPIAS.<\/span><\/h2>\n<h2 style=\"text-align: center;\"><span style=\"color: #000080;\">SITUACIONES DE CRISIS EMPRESARIAL, TANTO PROPIAS COMO AJENAS.<\/span><\/h2>\n<h2 style=\"text-align: center;\"><span style=\"color: #000080;\">ASESORAMIENTO EN RESPONSABILIDADES PERSONALES ANTE TERCEROS, OTRAS EMPRESAS, BANCOS, ADMINISTRACI\u00d3N, CONTRA\u00cdDAS EN UNA CRISIS EMPRESARIAL.<\/span><\/h2>\n<h1>\u00a0 \u00a0 \u00a0 \u00a0 \u00a0 \u00a0 \u00a0 \u00a0 \u00a0 \u00a0 <span style=\"color: #ff0000;\">\u00a0CONSULTENOS<\/span><span style=\"text-decoration: underline;\"><span style=\"text-decoration: underline;\"><span style=\"color: #ff0000;\"><br \/>\n<\/span><\/span><\/span><\/h1>\n<h1>\u00a0 \u00a0 \u00a0 \u00a0 \u00a0 \u00a0 \u00a0 \u00a0 \u00a0 \u00a0 \u00a0 \u00a0 \u00a0 \u00a0<span style=\"color: #ff0000;\">986435415<\/span><\/h1>\n","protected":false},"excerpt":{"rendered":"<p>NUEVA FORMULA DE UTILIZACI\u00d3N DE SERVICIOS JUR\u00cdDICOS Y ASESOR\u00cdA LEGAL. CLAUSULAS SUELO EN HIPOTECAS. SUBORDINADAS Y PREFERENTES A EMPRESAS. BUSCAMOS SOLUCIONES A INSOLVENCIAS PROPIAS. SITUACIONES DE CRISIS EMPRESARIAL, TANTO PROPIAS COMO AJENAS. ASESORAMIENTO EN RESPONSABILIDADES PERSONALES ANTE TERCEROS, OTRAS EMPRESAS, &hellip; <a href=\"https:\/\/defensorasegurado.com\/?page_id=252\">Sigue leyendo <span class=\"meta-nav\">&rarr;<\/span><\/a><\/p>\n","protected":false},"author":1,"featured_media":0,"parent":181,"menu_order":0,"comment_status":"open","ping_status":"open","template":"onecolumn-page.php","meta":{"footnotes":""},"class_list":["post-252","page","type-page","status-publish","hentry"],"_links":{"self":[{"href":"https:\/\/defensorasegurado.com\/index.php?rest_route=\/wp\/v2\/pages\/252","targetHints":{"allow":["GET"]}}],"collection":[{"href":"https:\/\/defensorasegurado.com\/index.php?rest_route=\/wp\/v2\/pages"}],"about":[{"href":"https:\/\/defensorasegurado.com\/index.php?rest_route=\/wp\/v2\/types\/page"}],"author":[{"embeddable":true,"href":"https:\/\/defensorasegurado.com\/index.php?rest_route=\/wp\/v2\/users\/1"}],"replies":[{"embeddable":true,"href":"https:\/\/defensorasegurado.com\/index.php?rest_route=%2Fwp%2Fv2%2Fcomments&post=252"}],"version-history":[{"count":13,"href":"https:\/\/defensorasegurado.com\/index.php?rest_route=\/wp\/v2\/pages\/252\/revisions"}],"predecessor-version":[{"id":343,"href":"https:\/\/defensorasegurado.com\/index.php?rest_route=\/wp\/v2\/pages\/252\/revisions\/343"}],"up":[{"embeddable":true,"href":"https:\/\/defensorasegurado.com\/index.php?rest_route=\/wp\/v2\/pages\/181"}],"wp:attachment":[{"href":"https:\/\/defensorasegurado.com\/index.php?rest_route=%2Fwp%2Fv2%2Fmedia&parent=252"}],"curies":[{"name":"wp","href":"https:\/\/api.w.org\/{rel}","templated":true}]}}