{"id":159,"date":"2013-05-21T16:40:14","date_gmt":"2013-05-21T16:40:14","guid":{"rendered":"http:\/\/defensorasegurado.com\/?page_id=159"},"modified":"2014-05-05T10:48:20","modified_gmt":"2014-05-05T10:48:20","slug":"aviso-legal","status":"publish","type":"page","link":"https:\/\/defensorasegurado.com\/?page_id=159","title":{"rendered":"Aviso Legal"},"content":{"rendered":"<p style=\"text-align: justify;\">AVISO LEGAL \u00a0DEFENSOR DEL ASEGURADO DE GALICIA S.L.<br \/>\nEl presente aviso legal (en adelante, el &#8220;Aviso Legal&#8221;) &#8220;) regula el uso del servicio del portal de Internet http:\/\/www.defensorasegurado.com (en adelante, el &#8220;Web&#8221;) de DEFENSOR DEL ASEGURADO DE GALICIA S.L. Con domicilio social en c\/Oporto 11 1\u00ba 36201 VIGO. (Spain)<br \/>\nLegislaci\u00f3n<br \/>\nAsimismo, la utilizaci\u00f3n del Portal se encuentra sometida igualmente a todos los avisos, reglamentos de uso e instrucciones, puestos en conocimiento del Usuario por DEFENSOR DEL ASEGURADO DE GALICIA S.L. que sustituyen, completan y\/o modifican el presente Aviso Legal.<br \/>\nCon car\u00e1cter general las relaciones entre DEFENSOR DEL ASEGURADO DE GALICIA S.L. con los Usuarios de sus servicios telem\u00e1ticos, presentes en la Web, se encuentran sometidas a la legislaci\u00f3n y jurisdicci\u00f3n espa\u00f1olas.<br \/>\nPara cualquier cuesti\u00f3n litigiosa ambas partes, DEFENSOR DEL ASEGURADO DE GALICIA S.L\u00a0. y el USUARIO, con renuncia expresa a cualquier otro fuero que pudiera corresponderles, se someten a la jurisdicci\u00f3n y competencia exclusiva de los Juzgados y Tribunales de VIGO (Espa\u00f1a).<br \/>\nUso y acceso de Usuarios<br \/>\nEl Usuario queda informado, y acepta, que el acceso a la presente Web no supone, en modo alguno, el inicio de una relaci\u00f3n comercial con.\u00a0DEFENSOR DEL ASEGURADO DE GALICIA S.L<br \/>\nDEFENSOR DEL ASEGURADO DE GALICIA S.L. se reserva el derecho de efectuar sin previo aviso las modificaciones que considere oportunas en su Web, pudiendo cambiar, suprimir o a\u00f1adir tanto los contenidos y servicios que se presten a trav\u00e9s de la misma como la forma en la que \u00e9stos aparezcan presentados o localizados en sus servidores.<br \/>\nLa utilizaci\u00f3n del Portal atribuye la condici\u00f3n de usuario del Portal (en adelante, el &#8220;Usuario&#8221;) e implica la aceptaci\u00f3n plena y sin reservas de todas y cada una de las disposiciones incluidas en este Aviso Legal en la versi\u00f3n publicada por DEFENSOR DEL ASEGURADO DE GALICIA S.L\u00a0el momento mismo en que el Usuario acceda al Portal. En consecuencia, el Usuario debe leer atentamente el presente Aviso Legal en cada una de las ocasiones en que se proponga utilizar el Portal, ya que aqu\u00e9l puede sufrir modificaciones.<br \/>\nPropiedad intelectual e industrial<br \/>\nLos derechos de propiedad intelectual del contenido de las p\u00e1ginas Web, su dise\u00f1o gr\u00e1fico y c\u00f3digos son titularidad de DEFENSOR DEL ASEGURADO DE GALICIA S.L. y, por tanto, queda prohibida su reproducci\u00f3n, distribuci\u00f3n, comunicaci\u00f3n p\u00fablica, transformaci\u00f3n o cualquier otra actividad que se pueda realizar con los contenidos de sus p\u00e1ginas Web ni a\u00fan citando las fuentes, salvo consentimiento por escrito deDEFENSOR DEL ASEGURADO DE GALICIA S.L<br \/>\nIgualmente, todos los nombres comerciales, marcas o signos distintos de cualquier clase contenidos en las p\u00e1ginas Web deDEFENSOR DEL ASEGURADO DE GALICIA S.L son propiedad de sus due\u00f1os y est\u00e1n protegidos por ley.<br \/>\nContenido de la Web y enlaces (links)<br \/>\nDEFENSOR DEL ASEGURADO DE GALICIA S.L\u00a0no se responsabiliza del mal uso que se realice de los contenidos de sus p\u00e1ginas Web, siendo exclusiva responsabilidad de la persona que accede a ellos o los utilice.<br \/>\nDEFENSOR DEL ASEGURADO DE GALICIA S.L\u00a0no asume responsabilidad alguna por la informaci\u00f3n contenida en p\u00e1ginas Web de terceros a las que se pueda acceder por enlaces (links) o buscadores de las p\u00e1ginas Web de DEFENSOR DEL ASEGURADO DE GALICIA S.L.<br \/>\nLa presencia de enlaces (links) en las p\u00e1ginas Web deDEFENSOR DEL ASEGURADO DE GALICIA S.L tiene finalidad meramente informativa y en ning\u00fan caso supone sugerencia, invitaci\u00f3n o recomendaci\u00f3n sobre los mismos.<\/p>\n<p style=\"text-align: justify;\">\n","protected":false},"excerpt":{"rendered":"<p>AVISO LEGAL \u00a0DEFENSOR DEL ASEGURADO DE GALICIA S.L. El presente aviso legal (en adelante, el &#8220;Aviso Legal&#8221;) &#8220;) regula el uso del servicio del portal de Internet http:\/\/www.defensorasegurado.com (en adelante, el &#8220;Web&#8221;) de DEFENSOR DEL ASEGURADO DE GALICIA S.L. Con &hellip; <a href=\"https:\/\/defensorasegurado.com\/?page_id=159\">Sigue leyendo <span class=\"meta-nav\">&rarr;<\/span><\/a><\/p>\n","protected":false},"author":1,"featured_media":0,"parent":141,"menu_order":3,"comment_status":"open","ping_status":"open","template":"","meta":{"footnotes":""},"class_list":["post-159","page","type-page","status-publish","hentry"],"_links":{"self":[{"href":"https:\/\/defensorasegurado.com\/index.php?rest_route=\/wp\/v2\/pages\/159","targetHints":{"allow":["GET"]}}],"collection":[{"href":"https:\/\/defensorasegurado.com\/index.php?rest_route=\/wp\/v2\/pages"}],"about":[{"href":"https:\/\/defensorasegurado.com\/index.php?rest_route=\/wp\/v2\/types\/page"}],"author":[{"embeddable":true,"href":"https:\/\/defensorasegurado.com\/index.php?rest_route=\/wp\/v2\/users\/1"}],"replies":[{"embeddable":true,"href":"https:\/\/defensorasegurado.com\/index.php?rest_route=%2Fwp%2Fv2%2Fcomments&post=159"}],"version-history":[{"count":6,"href":"https:\/\/defensorasegurado.com\/index.php?rest_route=\/wp\/v2\/pages\/159\/revisions"}],"predecessor-version":[{"id":250,"href":"https:\/\/defensorasegurado.com\/index.php?rest_route=\/wp\/v2\/pages\/159\/revisions\/250"}],"up":[{"embeddable":true,"href":"https:\/\/defensorasegurado.com\/index.php?rest_route=\/wp\/v2\/pages\/141"}],"wp:attachment":[{"href":"https:\/\/defensorasegurado.com\/index.php?rest_route=%2Fwp%2Fv2%2Fmedia&parent=159"}],"curies":[{"name":"wp","href":"https:\/\/api.w.org\/{rel}","templated":true}]}}